e prime factors of 584297438.
2, 829, 352411
What are the prime factors of 127762442?
2, 63881221
List the prime factors of 185854050.
2, 3, 5, 413009
What are the prime factors of 4666141?
4666141
What are the prime factors of 84573681?
3, 28191227
List the prime factors of 68199188.
2, 2113, 8069
What are the prime factors of 12803518?
2, 7, 13, 103, 683
List the prime factors of 360576031.
4201, 85831
List the prime factors of 333387902.
2, 166693951
List the prime factors of 17624768.
2, 7, 39341
What are the prime factors of 628713307?
71, 1567, 5651
What are the prime factors of 48101950?
2, 5, 13, 43, 1721
List the prime factors of 3813761533.
103, 37026811
What are the prime factors of 392323408?
2, 4289, 5717
What are the prime factors of 1020600763?
7, 13, 17, 79, 1193
List the prime factors of 106183540.
2, 5, 1787, 2971
List the prime factors of 61948171.
41, 59, 25609
List the prime factors of 5475068941.
5475068941
What are the prime factors of 461960243?
19, 41, 53, 67, 167
What are the prime factors of 1804451304?
2, 3, 75185471
What are the prime factors of 113954040?
2, 3, 5, 35171
What are the prime factors of 229419694?
2, 7, 16387121
List the prime factors of 1111148956.
2, 19, 14620381
List the prime factors of 6676884.
2, 3, 211, 293
List the prime factors of 77556461.
19, 41, 99559
List the prime factors of 213539018.
2, 7, 11, 1386617
List the prime factors of 2740800115.
5, 431, 1271833
What are the prime factors of 28212075?
3, 5, 125387
List the prime factors of 310300723.
19, 16331617
List the prime factors of 364698933.
3, 121566311
List the prime factors of 722409888.
2, 3, 1231, 6113
List the prime factors of 28852284.
2, 3, 2404357
What are the prime factors of 989795714?
2, 31, 15964447
What are the prime factors of 5803982152?
2, 725497769
List the prime factors of 479601893.
587, 817039
What are the prime factors of 1334421579?
3, 17, 151, 241, 719
What are the prime factors of 583754608?
2, 36484663
List the prime factors of 33695144.
2, 7, 43, 1999
What are the prime factors of 113935314?
2, 3, 18989219
List the prime factors of 3176117178.
2, 3, 13, 19, 29, 67, 1103
What are the prime factors of 8371573044?
2, 3, 9883, 70589
List the prime factors of 67301555.
5, 17, 791783
List the prime factors of 254752847.
254752847
What are the prime factors of 907737856?
2, 3545851
List the prime factors of 40147297.
40147297
What are the prime factors of 207195382?
2, 31, 89, 37549
What are the prime factors of 37366467?
3, 23, 541543
List the prime factors of 105678620.
2, 5, 719, 7349
What are the prime factors of 1693663609?
11, 659, 233641
What are the prime factors of 7094182605?
3, 5, 37, 12782311
What are the prime factors of 42177039?
3, 14059013
What are the prime factors of 6398729637?
3, 17, 7380311
What are the prime factors of 51588700?
2, 5, 515887
List the prime factors of 901425376.
2, 37, 587, 1297
List the prime factors of 41903842.
2, 20951921
List the prime factors of 1163203594.
2, 7, 5087, 16333
What are the prime factors of 1080339794?
2, 540169897
What are the prime factors of 3088008988?
2, 139, 1187, 4679
What are the prime factors of 2945788008?
2, 3, 41, 2993687
What are the prime factors of 11949399?
3, 7, 11, 43, 401
List the prime factors of 76729010.
2, 5, 7672901
List the prime factors of 84283288.
2, 101, 104311
List the prime factors of 56861872.
2, 17, 349, 599
What are the prime factors of 474226542?
2, 3, 59, 73, 2039
What are the prime factors of 5579292525?
3, 5, 19, 3915293
What are the prime factors of 574380089?
19, 373, 81047
What are the prime factors of 54119313?
3, 17, 157, 751
What are the prime factors of 6384052354?
2, 41, 53, 1468949
What are the prime factors of 33751079?
33751079
List the prime factors of 123484924.
2, 577, 53503
What are the prime factors of 17046042?
2, 3, 13, 83, 2633
What are the prime factors of 45862878?
2, 3, 7643813
List the prime factors of 80373372.
2, 3, 103, 65027
What are the prime factors of 105042943?
41, 2562023
What are the prime factors of 269091095?
5, 7, 13, 67, 97
List the prime factors of 560778170.
2, 5, 56077817
What are the prime factors of 22696552?
2, 2837069
What are the prime factors of 300153798?
2, 3, 7, 2382173
What are the prime factors of 7328450822?
2, 7, 11, 19, 2504597
List the prime factors of 117183215.
5, 23436643
List the prime factors of 434352258.
2, 3, 24130681
What are the prime factors of 86613301?
2081, 41621
List the prime factors of 659209922.
2, 7, 47086423
List the prime factors of 2247643748.
2, 7, 80272991
What are the prime factors of 26424345?
3, 5, 19, 92717
List the prime factors of 74515172.
2, 4079, 4567
List the prime factors of 551887479.
3, 11, 13, 142939
List the prime factors of 343738396.
2, 877, 97987
What are the prime factors of 2001314962?
2, 23, 61, 713227
What are the prime factors of 90273607?
29, 211, 14753
What are the prime factors of 741833885?
5, 13, 11412829
What are the prime factors of 19174513?
257, 74609
List the prime factors of 498419136.
2, 3, 211, 1367
List the prime factors of 43421725.
5, 683, 2543
List the prime factors of 33455131.
197, 169823
List the prime factors of 190668117.
3, 59, 1077221
List the prime factors of 52675575.
3, 5, 702341
List the prime factors of 1785225897.
3, 7, 13, 2179763
List the prime factors of 24941161.
7, 41, 43, 47
List the prime factors of 5341474829.
11801, 452629
What are the prime factors of 753730598?
2, 17, 22168547
List the prime factors of 402871014.
2, 3, 7, 13, 419, 587
What are the prime factors of 233018442?
2, 3, 12945469
What are the prime factors of 609278462?
2, 13, 1802599
List the prime factors of 70042378.
2, 7, 139, 35993
List the prime factors of 176668592.
2, 11041787
List the prime factors of 384757229.
479, 803251
List the prime factors of 2367311393.
37, 79, 809891
List the prime factors of 54541592.
2, 7, 973957
What are the prime factors of 83916722?
2, 2617, 16033
List the prime factors of 54263887.
54263887
What are the prime factors of 1523978982?
2, 3, 61, 462653
What are the prime factors of 1008702952?
2, 151, 835019
What are the prime factors of 50536543?
23, 2197241
What are the prime factors of 1706733459?
3, 79, 2400469
List the prime factors of 61013785.
5, 7, 113, 15427
What are the prime factors of 728940735?
3, 5, 101, 193, 277
What are the prime factors of 242458128?
2, 3, 11, 153067
What are the prime factors of 183914214?
2, 3, 11, 2786579
List the prime factors of 28554559.
11, 197, 13177
What are the prime factors of 7101988126?
2, 83, 42783061
What are the prime factors of 1986818789?
12941, 153529
What are the prime factors of 370778360?
2, 5, 9269459
What are the prime factors of 2583731777?
11, 19, 12362353
What are the prime factors of 2078172886?
2, 29, 43, 833269
List the prime factors of 377919254.
2, 188959627
What are the prime factors of 657981503?
167, 3940009
List the prime factors of 296929628.
2, 74232407
What are the prime factors of 415045904?
2, 7, 13, 197, 1447
List the prime factors of 155172704.
2, 4849147
What are the prime factors of 48763337?
7, 67, 173, 601
What are the prime factors of 20347270?
2, 5, 29, 70163
What are the prime factors of 1825668095?
5, 365133619
List the prime factors of 132135082.
2, 19, 31, 223, 503
What are the prime factors of 306073733?
7, 41, 101, 10559
What are the prime factors of 2851558968?
2, 3, 563, 211039
What are the prime factors of 178404943?
53, 3366131
What are the prime factors of 495971122?
2, 1693, 146477
What are the prime factors of 38176804?
2, 401, 23801
What are the prime factors of 2006811265?
5, 401362253
List the prime factors of 44243621.
73, 606077
What are the prime factors of 39130348?
2, 19, 514873
List the prime factors of 66468068.
2, 23, 722479
What are the prime factors of 9594569583?
3, 29, 103, 118967
List the prime factors of 488341622.
2, 83, 199, 14783
What are the prime factors of 8851227711?
3, 281, 10499677
List the prime factors of 1467140837.
79, 1031, 18013
What are the prime factors of 155652711?
3, 51884237
List the prime factors of 45622769.
45622769
What are the prime factors of 273670831?
7, 5585119
What are the prime factors of 202826323?
7, 241, 251, 479
What are the prime fac